ppose w*b + 0*b = 0. Let i(p) = -p - 7. Let r(d) = 1. Let k(n) = i(n) + 4*r(n). Give k(b).
-3
Let i(q) be the second derivative of -q**4/12 + 2*q**3/3 + 5*q**2/2 + 24*q - 1. Let f be (-13)/(-1) - 4/(-2). Suppose f = -y + 4*y. What is i(y)?
0
Let d(k) = -k**2 + 18*k - 1. Let o be d(18). Let a(z) = -z**3 + 6*z**2 - 3*z - 7. Let l be a(5). Let y(j) = 7 - 3 + j - l + 0. Give y(o).
0
Let z(k) = -k**3 - 7*k**2 + 3*k + 2. Let s(p) = p**3 + 7*p**2 - 4*p - 2. Let t(v) = 5*s(v) + 6*z(v). What is t(-7)?
16
Let v(n) be the third derivative of -13*n**4/24 + n**3/2 - 437*n**2. Give v(3).
-36
Let p(v) = v**3 + 13*v**2 + 4. Suppose 4*c + 32 = 2*c + 3*x, 42 = -4*c - 5*x. Give p(c).
4
Let y(l) = -8*l - 3*l**2 + l + 1 + 9*l. Let s be (-1)/(-3) + (-15)/(-9). Let o be s/4 - 12/8. Determine y(o).
-4
Let h(l) = -l + 4. Suppose -7*g = -4 - 31. Let f be h(g). Let u(o) = -12 + 12 + 13*o. Give u(f).
-13
Let u be 2/2 + (-5 - -5). Let w(r) = -7*r + 1. Calculate w(u).
-6
Let z(h) be the first derivative of -h**5/60 - 7*h**4/24 - 3*h**3/2 - 25*h**2/2 + 8. Let l(v) be the second derivative of z(v). Determine l(-6).
-3
Suppose -1 = -3*q - 4*r + 4, q - 8 = 5*r. Let x(f) = q*f**2 - 36 + 34 - 7*f - 4*f**2. Determine x(-3).
10
Let h(g) be the third derivative of -5/24*g**4 + 0*g - g**3 - 1/10*g**5 + 0 - 1/120*g**6 + 29*g**2. What is h(-5)?
-6
Let t = -6 + 6. Let j(z) = z**3 - z - 3. Let l be j(t). Let v(k) = -4*k**2 - 3*k - 1. Let h(n) = -n**3 + n. Let s(b) = -h(b) - v(b). Calculate s(l).
4
Let u(s) = s**2 - 3*s - 7. Let o(h) = -h**3 - 9*h**2 - 10*h - 10. Let k be o(-8). Suppose z = -k - 1. Let d = -2 - z. Calculate u(d).
3
Let z(m) = m**2 + 4*m. Let x = 161 - 241. Let c = x - -77. What is z(c)?
-3
Suppose 8*f = 4*f + 16. Let o(z) = 7 - z**2 + 13*z + 2 - f*z + 0. Let p be o(10). Let c(v) = -5*v**2 + v + 1. Calculate c(p).
-5
Let c(v) be the second derivative of v**6/120 + v**5/30 - v**4/24 - v**3/3 - 43*v**2/2 - v + 16. Let n(q) be the first derivative of c(q). Calculate n(-2).
0
Let z(u) = u**3 + 4*u**2 - 6*u + 1. Let x be (-3)/(-6) - (-17)/2. Suppose 3*m = 6*c - 3*c - x, 5*m + 2*c + 29 = 0. Determine z(m).
6
Let m(l) = -25*l**2 - 8*l + 1. Let a(c) = 113*c**2 + 33*c - 5. Let h(j) = 2*a(j) + 9*m(j). Determine h(2).
-9
Let w(m) = 2*m**2 + 6*m - 12. Let j = -1356 - -1351. What is w(j)?
8
Let z(s) be the first derivative of -s**2 - 24*s + 157. Give z(-10).
-4
Let i(w) = -12*w + 45. Let u be i(4). Let r(t) = -t**3 - 2*t**2 - t - 6. Determine r(u).
6
Suppose 5*t + 4*s = 6, 3*s - s = -t. Suppose -8 = -c + t. Let m(x) = 0*x + 2*x + c*x. Determine m(1).
12
Let r(f) be the third derivative of 1/120*f**6 + 0*f + 0*f**3 + 0 + 1/12*f**4 - 16*f**2 - 1/10*f**5. Give r(6).
12
Let m(z) = z**2 + 5*z + 3. Let d(i) = -i**3 - 6*i**2 + 1. Let v be d(-5). Let t be (v/28)/(3/21). Let u be (-19 - -4)*(-2)/t. What is m(u)?
3
Let w(c) = c**3 - 4*c**2 - 8*c - 3. Suppose 5*u = 0, 0*h + 2*u - 3 = -3*h. Let y be (-75)/(-15) + 0 + h. What is w(y)?
21
Suppose o + 5 + 8 = 0. Let p be 0 - (-1 - 2 - o). Let q(u) = -u - 9. Let s be q(p). Let y(n) = 2*n**3 - n**2 - n + 1. Give y(s).
1
Let y(v) = -v**2 - 5*v. Let d(z) = -4*z**2 - 96*z - 3. Let t be d(-24). Give y(t).
6
Let p(d) = -14*d - 904. Let o be p(-65). Let w(k) be the third derivative of 2*k**2 + 7/24*k**4 - 7/6*k**3 + 0*k + 0 - 1/60*k**5. Determine w(o).
-1
Let x(k) = -8*k - 1. Suppose -5*m + 52 = -88. Suppose -4*r - 24 = -m. Determine x(r).
-9
Let i(t) = 7*t**3 - 11*t - 4. Let j(x) = 8*x**3 - x**2 - 12*x - 5. Let w(n) = -7*i(n) + 6*j(n). Give w(-7).
12
Let u(j) = j**3 - 6*j**2 - j + 8. Let p be u(6). Suppose 3*a - 3 = -s, -3 = p*a + 3*s - 4*s. Let v(r) = -r**2 + 8. What is v(a)?
8
Let s(z) = z - 7. Let i be 7/42 - 310/60. Give s(i).
-12
Suppose 2*y + 0*y + 10 = 0. Let j be (8/20)/((-1)/y). Let m(v) = -2*v - v**2 - 1 + j - v**2 + v**2. What is m(2)?
-7
Let g be (-3 + 2)/((-1)/2). Let m(c) = -2*c**3 - 9 - 6*c**2 - g*c + 2 + c**3. Let t = 1890 + -1896. Calculate m(t).
5
Suppose 0 = 297*b - 301*b - 44. Let k(s) = -s - 4. Calculate k(b).
7
Let u(a) = -3*a - 1. Suppose -7*o + 2*o + 5 = 0. Suppose t - o + 6 = 0. Calculate u(t).
14
Let m be (2/4)/((-1)/(-14)). Let o(p) = -3*p**2 + 10*p + 7. Let f be o(4). Let z(j) = j. Let x(l) = 4*l + 10. Let y(t) = f*x(t) + 6*z(t). Calculate y(m).
4
Let a(r) = -169*r + 332. Let y be a(2). Let k(w) = 6*w + 5. Give k(y).
-31
Let k(r) = -3*r + 26*r**2 + 1 + 20*r**2 - r**3 + 19*r**2 - 58*r**2. What is k(6)?
19
Let u(h) be the third derivative of -h**5/60 - 5*h**4/24 - 5*h**3/6 - 2*h**2. Suppose 0 = 2*q - s - 160, -3*s + s - 399 = -5*q. Let m = q + -84. Determine u(m).
-5
Let a(y) = -5*y**2 - 5*y - 10. Let p(u) = -9*u**2 - 10*u - 19. Let k(t) = 11*a(t) - 6*p(t). What is k(6)?
-2
Let o(t) = 6 + 1 - 2 - 3 - 191*t + 197*t. Calculate o(-1).
-4
Let b(l) = 8*l + 1. Let c be (-280)/200 - 24/(-10). Calculate b(c).
9
Let t(i) = i**2 + 4*i - 3. Let b be (6 - 24)*1*-1. Suppose r - b = -r. Suppose 1 = -4*o + r. What is t(o)?
9
Let n(h) = -11*h**2 - h. Let l(b) = b**2 + 2*b - 81. Let a be l(8). What is n(a)?
-10
Let c = -32 + 33. Let d be (-1 + c - 0)/2. Let i(y) = -y - 11. Calculate i(d).
-11
Let r be (-6)/3*(-1)/(-2). Let v(w) = -w**2 + w + 1. Let p be v(r). Let d(f) = 6*f + 1. Give d(p).
-5
Let o(t) = -t**2 - 3*t + 6. Let r be o(-6). Let b = 12 + r. Let m(s) = s + b*s - 2*s + 3*s. What is m(1)?
2
Suppose 0 = y + 5*b + 6, -b - b - 24 = 4*y. Let u = 4 - 2. Let w(h) = 4*h - 3 - u*h - 3*h + 2. What is w(y)?
5
Let n = 1062 + -1060. Let m(b) be the second derivative of 0*b**n - 1/6*b**3 - 9*b + 0. Calculate m(5).
-5
Let v(f) = 3*f**2 - 4*f + 3. Suppose 43 = -4*p - 5*j, 3*j - 22 = 4*p + j. Let u = -2 - p. Let r(x) = -x**3 + 5*x**2 + x - 3. Let q be r(u). Calculate v(q).
7
Let k(q) = 9*q**2 + 19*q - 30. Let t(w) = 5*w**2 + 10*w - 16. Let n(u) = -6*k(u) + 11*t(u). Suppose -z = -y - 1 + 4, -y - z = -9. Calculate n(y).
16
Let k(i) = i - 1. Let z = -8 + 11. Let f(o) = -o + 1. Let l(u) = z*k(u) + 5*f(u). Let p(j) = j. Let q(w) = l(w) + 4*p(w). What is q(-2)?
-2
Let g be (720/(-50))/9*(5 + 0). Let o(t) = -t**3 - 6*t**2 + 15*t - 5. Give o(g).
3
Suppose 4*d - 26 = 58. Let q(p) = 16 - 4*p + 3*p - d. Suppose 3*o + 18 = -0*o. Determine q(o).
1
Let c(x) be the third derivative of -x**6/120 + x**5/20 + 5*x**4/24 + x**3/6 - 2*x**2. Let t be ((-64)/(-10))/((-7)/(-35)). Let p = -28 + t. Give c(p).
5
Let g(h) be the second derivative of -h**4/12 + 2*h**3/3 + h**2/2 + 30*h. Let o be g(3). Let c(z) = -z**3 + 5*z**2 - 6*z + 4. Calculate c(o).
-4
Let f(b) = -3*b - 10. Let d be f(-3). Let g = d + -2. Let n(p) = -2*p**2 - 3*p - 1. Calculate n(g).
-10
Suppose 238 - 34 = 4*g. Let b(d) = d + 3*d + 53 - g. Calculate b(-2).
-6
Let j(m) be the first derivative of -m**2 - 204. Calculate j(-1).
2
Suppose -3*h + k + 265 = -3*k, 0 = 5*h - 3*k - 460. Let c(q) = 21 + 93*q - h*q - 8. Calculate c(6).
1
Let h(y) = -3*y - y**2 + 5 - 1 - 1 - 2*y. Suppose -4*j - j = 30. Determine h(j).
-3
Let o be ((-6)/(-14))/(14/98). Suppose -31*m + 32*m + o = 0. Let n(d) = -d**3 - 3*d**2 + d - 3. Give n(m).
-6
Let g(t) = -16*t + 337. Let l be g(21). Let p(m) = 4*m**2 - m - 1. Calculate p(l).
2
Suppose -4*d - 2*v + 12 = v, -2*v + 12 = 4*d. Let c(t) = t**2 + 2*t - 12. Let h be c(d). Let z(u) = -u**2 + 2*u. Calculate z(h).
-3
Let k(q) = 2*q + 2*q - 5*q + 2*q - 1. Let g be 2*2/16*4. Calculate k(g).
0
Let c(q) = -5*q**2 + 2*q**2 - 2*q + q**2. Let v be (3/(-10))/((-3)/(-15))*(13 - 15). Calculate c(v).
-24
Let f(z) = z**3 + z - 2. Suppose 13*m - 10 = 11*m - 2*w, -4*m = -2*w - 2. Calculate f(m).
8
Let u(s) = -s**2 - 10. Suppose 3*o + 5 = -7. Let z(c) = c**2 + 3*c - 4. Let q(b) = -b**2 - 3*b + 4. Let d(k) = 6*q(k) + 7*z(k). Let l be d(o). Determine u(l).
-10
Let x(s) = 2*s + 20. Let l(o) = -3*o - 30. Let v(i) = -5*l(i) - 8*x(i). Suppose 0 = -7*g + g - 66. Determine v(g).
1
Let s be (-52)/(-6) + 28/(-42). Suppose 33 = -5*u + s. Let q(n) = n**3 + 6*n**2 + n - 1. What is q(u)?
19
Suppose 0 = 2*f + 18 - 6. Let k be (f/15)/((-1)/5). Let z(g) = 2*g**2 - 6*g + 2*g**2 - 3 + 5 - 3*g**k. Determine z(4).
-6
Let r(u) = 16 + 2*u**2 - u**3 - 38 - 5*u + 9 + u**2 + 2*u**3. Give r(-4).
-9
Let b(q) = 11045*q**3 + 15*q**2 - 11046*q**3 - 3 + 2*q**2. Calculate b(17).
-3
Let y(i) = -i - 3. Suppose -6*d + 4*d = -10. Let j be y(d). Le